tors of 502282284.
2, 3, 7, 5979551
List the prime factors of 338834539.
43, 461, 17093
What are the prime factors of 61138926?
2, 3, 193, 17599
What are the prime factors of 744943819?
744943819
What are the prime factors of 573698908?
2, 143424727
What are the prime factors of 240512398?
2, 7, 167, 102871
What are the prime factors of 345722065?
5, 13, 97, 54833
List the prime factors of 878213384.
2, 31, 367, 9649
List the prime factors of 57774196.
2, 14443549
List the prime factors of 1684309457.
103, 16352519
List the prime factors of 20730919.
11, 19, 99191
What are the prime factors of 1645036579?
1645036579
What are the prime factors of 98749?
7, 14107
What are the prime factors of 1963811867?
1963811867
List the prime factors of 833957351.
43, 1427, 13591
List the prime factors of 214149075.
3, 5, 7, 463, 881
What are the prime factors of 61871178?
2, 3, 37, 337, 827
List the prime factors of 7381077411.
3, 6737, 365201
What are the prime factors of 1521036500?
2, 5, 113, 26921
List the prime factors of 622852085.
5, 59, 2111363
List the prime factors of 27464674.
2, 131, 104827
What are the prime factors of 60851086?
2, 101, 301243
List the prime factors of 758969671.
3917, 193763
What are the prime factors of 64027557?
3, 11, 193, 1117
List the prime factors of 27397152.
2, 3, 251, 379
What are the prime factors of 1239225200?
2, 5, 17, 182239
What are the prime factors of 60556117?
7057, 8581
What are the prime factors of 47342374?
2, 71, 333397
List the prime factors of 107684868.
2, 3, 17, 31051
What are the prime factors of 29531698?
2, 7, 37, 47, 1213
List the prime factors of 1843407105.
3, 5, 23, 5343209
List the prime factors of 309690337.
11, 373, 75479
List the prime factors of 72180442.
2, 36090221
What are the prime factors of 85073783?
85073783
List the prime factors of 31504417.
7, 17, 264743
List the prime factors of 2117360718.
2, 3, 11, 157, 68113
List the prime factors of 13550337.
3, 29, 193, 269
What are the prime factors of 218078847?
3, 7, 23, 150503
List the prime factors of 4726481455.
5, 1201, 787091
List the prime factors of 25537883.
7, 3648269
List the prime factors of 118038623.
118038623
List the prime factors of 46468160.
2, 5, 145213
List the prime factors of 396966016.
2, 23, 134839
List the prime factors of 47892700.
2, 5, 478927
List the prime factors of 16642525.
5, 179, 3719
What are the prime factors of 204186742?
2, 102093371
List the prime factors of 20272819.
7, 41, 10091
What are the prime factors of 214658721?
3, 79, 157, 641
List the prime factors of 172467730.
2, 5, 37, 41, 11369
List the prime factors of 58923432.
2, 3, 503, 1627
What are the prime factors of 75253201?
75253201
What are the prime factors of 2621246458?
2, 2473, 529973
List the prime factors of 91168665.
3, 5, 7, 23, 5393
List the prime factors of 3916991099.
7, 559570157
What are the prime factors of 2367848255?
5, 473569651
What are the prime factors of 389722604?
2, 19, 269891
List the prime factors of 53030618.
2, 29, 914321
List the prime factors of 554576409.
3, 20539867
List the prime factors of 3407214498.
2, 3, 53, 587, 18253
List the prime factors of 112681024.
2, 1760641
List the prime factors of 251141343.
3, 83713781
List the prime factors of 1162197477.
3, 7, 67, 30593
List the prime factors of 139719654.
2, 3, 19, 15131
What are the prime factors of 14951970?
2, 3, 5, 11, 1373
What are the prime factors of 43801708?
2, 79, 97, 1429
List the prime factors of 1102588144.
2, 7, 9844537
What are the prime factors of 498187274?
2, 13, 19161049
List the prime factors of 34154501.
2963, 11527
What are the prime factors of 42776112?
2, 3, 149, 5981
What are the prime factors of 907285767?
3, 17, 43, 413719
What are the prime factors of 56122199?
7, 439, 2609
List the prime factors of 141438160.
2, 5, 157, 11261
List the prime factors of 51810482.
2, 223, 116167
What are the prime factors of 2355052249?
11, 101, 373, 5683
What are the prime factors of 246854752?
2, 7714211
List the prime factors of 10262411.
71, 144541
What are the prime factors of 321626374?
2, 397, 405071
What are the prime factors of 67865089?
67865089
List the prime factors of 245437887.
3, 827, 98927
What are the prime factors of 4842612967?
5233, 925399
List the prime factors of 131807484.
2, 3, 19, 131, 1471
What are the prime factors of 1072972954?
2, 23, 23325499
What are the prime factors of 51917098?
2, 25958549
List the prime factors of 146641325.
5, 5865653
What are the prime factors of 15340215?
3, 5, 11, 239, 389
What are the prime factors of 436681282?
2, 218340641
What are the prime factors of 56023573?
947, 59159
List the prime factors of 194425163.
194425163
List the prime factors of 2954915950.
2, 5, 7, 2081, 4057
List the prime factors of 4335739330.
2, 5, 13, 17, 1961873
List the prime factors of 2533266639.
3, 281474071
List the prime factors of 2240548669.
43, 3083, 16901
What are the prime factors of 17958462?
2, 3, 103, 29059
What are the prime factors of 2572931530?
2, 5, 13, 37, 534913
List the prime factors of 127520792.
2, 7, 199, 11443
List the prime factors of 20881731.
3, 13, 569, 941
List the prime factors of 446214546.
2, 3, 24789697
List the prime factors of 141905270.
2, 5, 13, 151, 7229
What are the prime factors of 337693622?
2, 7, 24120973
List the prime factors of 118791053.
17, 37, 188857
List the prime factors of 34614000.
2, 3, 5, 641
What are the prime factors of 65778386?
2, 32889193
What are the prime factors of 431161403?
431161403
List the prime factors of 33567765.
3, 5, 7, 11, 29063
What are the prime factors of 64264328?
2, 8033041
What are the prime factors of 448413203?
7, 167, 383587
What are the prime factors of 2105761747?
2105761747
What are the prime factors of 471400695?
3, 5, 3491857
List the prime factors of 3147126744.
2, 3, 149, 880069
What are the prime factors of 659885457?
3, 7, 11, 53, 53899
What are the prime factors of 830539601?
613, 1354877
List the prime factors of 1822269914.
2, 127, 401, 17891
What are the prime factors of 2464385345?
5, 29, 16995761
What are the prime factors of 436915764?
2, 3, 457, 26557
List the prime factors of 55138035.
3, 5, 3675869
List the prime factors of 491755865.
5, 199, 313, 1579
List the prime factors of 11621140.
2, 5, 157, 3701
List the prime factors of 2320595930.
2, 5, 1759, 131927
What are the prime factors of 4667026813?
17, 274530989
What are the prime factors of 327635494?
2, 67, 1093, 2237
What are the prime factors of 4451580785?
5, 890316157
List the prime factors of 120056087.
31, 3872777
List the prime factors of 517450178.
2, 7, 59, 439, 1427
List the prime factors of 56918206.
2, 1439, 19777
What are the prime factors of 37487802?
2, 3, 11, 567997
What are the prime factors of 2317107337?
29, 79900253
What are the prime factors of 77517452?
2, 23, 842581
What are the prime factors of 1041035635?
5, 107, 139, 13999
List the prime factors of 3300729407.
43, 1785143
List the prime factors of 225686267.
3923, 57529
What are the prime factors of 195427149?
3, 65142383
List the prime factors of 285826280.
2, 5, 131, 54547
List the prime factors of 1539473186.
2, 43, 17900851
What are the prime factors of 30032893?
11, 29, 31, 3037
What are the prime factors of 5922495570?
2, 3, 5, 101, 181, 10799
What are the prime factors of 2071419417?
3, 17, 251, 53939
What are the prime factors of 33439900?
2, 5, 13, 29, 887
What are the prime factors of 111306466?
2, 29, 53, 36209
List the prime factors of 1102436667.
3, 23, 71, 75011
What are the prime factors of 40001766?
2, 3, 7, 952423
What are the prime factors of 194172526?
2, 283, 343061
List the prime factors of 175636687.
59, 2976893
What are the prime factors of 5225413753?
7, 106641097
What are the prime factors of 257894014?
2, 7, 1171, 15731
What are the prime factors of 2839794623?
8377, 338999
What are the prime factors of 595716078?
2, 3, 53, 1873321
What are the prime factors of 2338039?
11, 43, 4943
List the prime factors of 429152910.
2, 3, 5, 521, 27457
List the prime factors of 2599570871.
53, 409, 119923
What are the prime factors of 817793025?
3, 5, 7, 359, 4339
What are the prime factors of 89348999?
4357, 20507
List the prime factors of 183575554.
2, 17, 5399281
List